 is 102200 - -10011002?
10120202
In base 8, what is 41 - 22?
17
In base 6, what is -1132200 + -3?
-1132203
In base 14, what is 610b1 - -25?
610d6
In base 6, what is -5 - -153213?
153204
In base 11, what is -158783 - 5?
-158788
In base 14, what is 3 - -2a08?
2a0b
In base 15, what is 91 - -952?
9e3
In base 8, what is 12 - 502040?
-502026
In base 13, what is 907 + 27?
931
In base 15, what is -44 + 2d?
-16
In base 13, what is -2 - -9a63?
9a61
In base 5, what is -24222 - 32?
-24304
In base 7, what is 4 + -5521320?
-5521313
In base 5, what is 0 - -3211134?
3211134
In base 2, what is -110001000 - -10111?
-101110001
In base 2, what is 11 + -1111010011111000?
-1111010011110101
In base 2, what is 1111011001 - 100010000?
1011001001
In base 6, what is 14 - 154211?
-154153
In base 5, what is -1 + -3231200?
-3231201
In base 12, what is -1b05 - -50?
-1a75
In base 3, what is -120021011 - -20?
-120020221
In base 2, what is 0 - -110101000001?
110101000001
In base 5, what is 20124103 + 10?
20124113
In base 4, what is -20 - -32121110?
32121030
In base 12, what is 4369a + 4?
436a2
In base 7, what is 506353 + -4?
506346
In base 9, what is 561800 + 5?
561805
In base 3, what is -1022112111 + 121?
-1022111220
In base 6, what is 1001135 + 211?
1001350
In base 13, what is 26c5 + -730?
1c95
In base 2, what is 1001111110111111010 + 10?
1001111110111111100
In base 16, what is -3 - 483b?
-483e
In base 16, what is f498 - -6?
f49e
In base 10, what is -160 + 11123?
10963
In base 14, what is -4 + 28b?
287
In base 14, what is -482d - -5?
-4828
In base 3, what is -2 + 121210022?
121210020
In base 7, what is -63054 - -42?
-63012
In base 8, what is -31042 - 6?
-31050
In base 10, what is -18166 - -1?
-18165
In base 15, what is -b0b + 36b?
-790
In base 5, what is -3 + -220402?
-220410
In base 8, what is -46361 - 4?
-46365
In base 10, what is -7 + 38761?
38754
In base 2, what is -11 - 101000100001?
-101000100100
In base 5, what is 200223 + 2041?
202314
In base 10, what is 10 - -43872?
43882
In base 6, what is 24412 + 13?
24425
In base 6, what is -3254505 - 0?
-3254505
In base 6, what is 13 - 3244450?
-3244433
In base 12, what is 3232 - 7?
3227
In base 8, what is 455 + 102?
557
In base 6, what is -2 + -3552200?
-3552202
In base 7, what is -5530 - -323?
-5204
In base 12, what is 2 + 9678?
967a
In base 10, what is 337 + -2169?
-1832
In base 7, what is 10 - 656314?
-656304
In base 16, what is ed + -301f?
-2f32
In base 5, what is 131204 + -3?
131201
In base 9, what is -4 - -212062?
212057
In base 4, what is 333301132 - 0?
333301132
In base 7, what is -1255 + 53?
-1202
In base 10, what is 122 + -8637?
-8515
In base 9, what is 143427 - 4?
143423
In base 12, what is 28 - -557?
583
In base 2, what is -110101101110111011 - 101?
-110101101111000000
In base 11, what is -7 + 0?
-7
In base 6, what is 2142 + -5440?
-3254
In base 5, what is 11420 + 110?
12030
In base 6, what is -2005225 + -3?
-2005232
In base 8, what is 36 + 316012?
316050
In base 12, what is -8 - 2b02?
-2b0a
In base 4, what is 2002101 - 133?
2001302
In base 10, what is 11 - -631?
642
In base 3, what is -2112 + 1002002?
222120
In base 11, what is 40 + 361?
3a1
In base 15, what is -3e - -68?
29
In base 5, what is 1322 - -1101?
2423
In base 6, what is -1022 + -141?
-1203
In base 5, what is -3 + -3004410?
-3004413
In base 14, what is -3 + -13775?
-13778
In base 16, what is -898 + -42?
-8da
In base 13, what is 1c - -94c?
96b
In base 9, what is -16 + 303231?
303214
In base 8, what is 3 - -1773310?
1773313
In base 7, what is -22206266 - -5?
-22206261
In base 15, what is c - -4a71?
4a7d
In base 15, what is a47999 + -2?
a47997
In base 4, what is 22 + -12010022?
-12010000
In base 6, what is 110111 + 10?
110121
In base 12, what is -12 - -9851?
983b
In base 6, what is 5542114 + -3?
5542111
In base 5, what is -2 - 10143330?
-10143332
In base 13, what is -4 - 14880?
-14884
In base 14, what is 101 - -3a?
13b
In base 13, what is -283 + -110?
-393
In base 6, what is -3334 - 342?
-4120
In base 15, what is 8 + 322?
32a
In base 2, what is -1000110010011 - 101110100?
-1001100000111
In base 10, what is 18 - -120550?
120568
In base 12, what is 2a0 + 3843?
3b23
In base 10, what is 151064 + 1?
151065
In base 8, what is -122130 - -6?
-122122
In base 15, what is 14b68 - 6?
14b62
In base 9, what is -3 - -67743?
67740
In base 3, what is 101102110000 - 20?
101102102210
In base 4, what is -11 - 1332001320?
-1332001331
In base 13, what is 20c + -ab?
131
In base 14, what is 12 - -8488?
849a
In base 15, what is 1033 - 83?
ea0
In base 14, what is 2133 + -1c?
2115
In base 6, what is -11 - -20122302?
20122251
In base 13, what is -2142 - 17?
-2159
In base 12, what is 10 - -80a84?
80a94
In base 2, what is -1000 - 101101001011000?
-101101001100000
In base 2, what is -100 + 101011011?
101010111
In base 7, what is -10414 - -400?
-10014
In base 10, what is 382361 + -4?
382357
In base 4, what is 2 + -2320201?
-2320133
In base 10, what is -3 - 4074?
-4077
In base 12, what is 46 - 755?
-70b
In base 10, what is -34832 - -1?
-34831
In base 11, what is -21 - 3631?
-3652
In base 14, what is 1021 + -6d?
d92
In base 11, what is 1922747 + 3?
192274a
In base 13, what is -4a1 - -428?
-76
In base 12, what is -3 - -4376?
4373
In base 11, what is -153 + 17?
-137
In base 13, what is 909b7 - 5?
909b2
In base 6, what is -5203221 - -5?
-5203212
In base 7, what is -214306 - 2?
-214311
In base 6, what is 252120 + 5?
252125
In base 6, what is -5 + -35253?
-35302
In base 5, what is -1444312 - -4?
-1444303
In base 4, what is 2321320 + -2?
2321312
In base 6, what is 443112 + -4?
443104
In base 14, what is -4 + -2d791?
-2d795
In base 7, what is 13245 + -2?
13243
In base 12, what is -1a66 + 11?
-1a55
In base 3, what is 11201220100 - -201?
11201221001
In base 2, what is -110011 + 10100011010?
10011100111
In base 6, what is -1405 - 512?
-2321
In base 5, what is -40412434 - -20?
-40412414
In base 4, what is -1020201 - 2?
-1020203
In base 10, what is 183 + -63?
120
In base 3, what is -2120102 + 111?
-2112221
In base 8, what is -33 - -13704?
13651
In base 5, what is 4222 - -4340?
14112
In base 16, what is 1751 - 2?
174f
In base 10, what is -10751 - 68?
-10819
In base 16, what is 21f8f7 - 4?
21f8f3
In base 10, what is -146881 + -4?
-146885
In base 8, what is 7 + -15475?
-15466
In base 9, what is 20118 - -87?
20216
In base 3, what is -11 - -102021211011?
102021211000
In base 15, what is 88e1 + 20?
8911
In base 16, what is f - -3a0e2?
3a0f1
In base 3, what is 11 - -102221210201?
102221210212
In base 16, what is -167d - -bc?
-15c1
In base 7, what is 34006354 - -1?
34006355
In base 5, what is 2201 - 3?
2143
In base 14, what is -201 - d6d?
-1170
In base 10, what is -24393 + -1?
-24394
In base 2, what is 1001000011111000101100 - -101?
1001000011111000110001
In base 11, what is -194a4 - -2?
-194a2
In base 2, what is -110001010011 - -1010111011?
-100110011000
In base 5, what is -4 + -4121024?
-4121033
In base 14, what is -1d - 890?
-8ad
In base 14, what is 2a9 - -2c?
2d7
In base 16, what is -17a - 3df?
-559
In base 8, what is -550 - -17?
-531
In base 13, what is 1 + 15c047?
15c048
In base 16, what is -aaeae + -2?
-aaeb0
In base 9, what is -7 + 1017?
1010
In base 3, what is 10010001 - 221?
10002010
In base 8, what is -6237 + -3?
-6242
In base 13, what is 57 - 6859?
-6802
In base 10, what is -25 - -12258?
12233
In base 8, what is -4 - 200457?
-200463
In base 8, what is -56 - 2555?
-2633
In base 15, what is -be + d?
-b1
In base 13, what is -2197c - -1?
-2197b
In base 6, what is 2 - 2243102?
-2243100
In base 7, what is -1121 + -36?
-1160
In base 7, what is 560 + -20632?
-20042
In base 9, what is 22675 - 7?
22667
In base 12, what is -1 - 304b8?
-304b9
In base 16, what is 775 - -2?
777
In base 12, what is 65 + -1139?
-1094
In base 11, what is a808 - -12?
a81a
In base 12, what is 0 + -2410?
-2410
In base 5, what is 4 - 21413123?
-21413114
In base 4, what is -122211 + 102?
-122103
In base 16, what is -11 + 1ee?
1dd
In base 10, what is -143194 - 2?
-143196
In base 16, what is -7 + 9543?
953c
In base 14, what is -19 - -154a?
1531
In base 7, what is 3 + -405010?
-405004
In base 7, what is 62533 - 45?
62455
In base 10, what is 893 + 63?
956
In base 14, what is -2c22 - 21?
-2c43
In base 3, what is 121211200 - 21?
121211102